culate the remainder when 6082709 is divided by 836.
809
Calculate the remainder when 101672 is divided by 4616.
120
Calculate the remainder when 121474 is divided by 40269.
667
Calculate the remainder when 147425 is divided by 3946.
1423
Calculate the remainder when 144022 is divided by 144022.
0
Calculate the remainder when 146649 is divided by 2878.
2749
What is the remainder when 11288 is divided by 326?
204
What is the remainder when 230081 is divided by 1340?
941
What is the remainder when 856872411 is divided by 5126?
5125
Calculate the remainder when 1129159 is divided by 55.
9
Calculate the remainder when 1201022 is divided by 163.
38
What is the remainder when 1192885 is divided by 209?
122
What is the remainder when 146992 is divided by 588?
580
What is the remainder when 8261650 is divided by 708?
706
What is the remainder when 1101955 is divided by 41?
39
Calculate the remainder when 460607 is divided by 24203.
750
What is the remainder when 261471 is divided by 10203?
6396
Calculate the remainder when 179072 is divided by 551.
548
What is the remainder when 3197908 is divided by 613?
500
What is the remainder when 720382 is divided by 359980?
422
What is the remainder when 145076 is divided by 2072?
36
What is the remainder when 9107599 is divided by 131994?
13
What is the remainder when 14245384 is divided by 1017527?
6
Calculate the remainder when 342481 is divided by 11225.
5731
What is the remainder when 14079126 is divided by 76?
50
Calculate the remainder when 13105 is divided by 469.
442
Calculate the remainder when 71979417 is divided by 1211.
1210
What is the remainder when 9685 is divided by 390?
325
Calculate the remainder when 324105161 is divided by 303.
302
What is the remainder when 33343034 is divided by 361?
352
What is the remainder when 33318 is divided by 2791?
2617
Calculate the remainder when 1133272 is divided by 170.
52
What is the remainder when 6992651 is divided by 269?
265
What is the remainder when 12337 is divided by 2967?
469
Calculate the remainder when 4514140 is divided by 2920.
2740
Calculate the remainder when 2061623 is divided by 1351.
1348
What is the remainder when 614629 is divided by 2927?
2886
What is the remainder when 72015612 is divided by 35?
32
Calculate the remainder when 24662 is divided by 2196.
506
What is the remainder when 386974734 is divided by 7?
6
Calculate the remainder when 78178406 is divided by 18.
14
What is the remainder when 12032 is divided by 277?
121
What is the remainder when 2046636 is divided by 189?
144
What is the remainder when 25616660 is divided by 495?
410
Calculate the remainder when 2143428 is divided by 29362.
2
Calculate the remainder when 74622 is divided by 5934.
3414
What is the remainder when 2965067 is divided by 7885?
307
Calculate the remainder when 99034 is divided by 19.
6
What is the remainder when 154303 is divided by 9446?
3167
Calculate the remainder when 8662613 is divided by 7118.
7
Calculate the remainder when 12866 is divided by 1067.
62
Calculate the remainder when 16017301 is divided by 36075.
1
Calculate the remainder when 151469 is divided by 75668.
133
Calculate the remainder when 33054 is divided by 2715.
474
Calculate the remainder when 6368 is divided by 6100.
268
Calculate the remainder when 3378216 is divided by 47.
44
Calculate the remainder when 54732881 is divided by 236.
233
What is the remainder when 28256 is divided by 4556?
920
What is the remainder when 404249691 is divided by 674?
667
Calculate the remainder when 56570508 is divided by 56.
36
Calculate the remainder when 102718 is divided by 102682.
36
What is the remainder when 2248237 is divided by 592?
413
Calculate the remainder when 1327595 is divided by 1903.
1204
Calculate the remainder when 113294 is divided by 22655.
19
What is the remainder when 22234784 is divided by 19888?
0
Calculate the remainder when 2596083 is divided by 2.
1
Calculate the remainder when 5348330 is divided by 163.
137
Calculate the remainder when 6637592 is divided by 422.
376
What is the remainder when 539139 is divided by 3?
0
What is the remainder when 1529584 is divided by 85?
9
Calculate the remainder when 3261698 is divided by 355.
313
What is the remainder when 2732758 is divided by 45?
43
Calculate the remainder when 3884124 is divided by 1650.
24
What is the remainder when 30893 is divided by 564?
437
Calculate the remainder when 52119 is divided by 3945.
834
What is the remainder when 12470 is divided by 813?
275
Calculate the remainder when 105748953 is divided by 740.
733
What is the remainder when 173962 is divided by 57655?
997
Calculate the remainder when 26405159 is divided by 413.
4
What is the remainder when 46201536 is divided by 668?
652
Calculate the remainder when 46367332 is divided by 39.
37
Calculate the remainder when 77331 is divided by 5168.
4979
Calculate the remainder when 79037302 is divided by 9348.
9310
Calculate the remainder when 47141 is divided by 22905.
1331
Calculate the remainder when 480810 is divided by 99.
66
Calculate the remainder when 15474576 is divided by 2579096.
0
Calculate the remainder when 31634674 is divided by 151362.
16
What is the remainder when 16254379 is divided by 18?
1
Calculate the remainder when 11359465 is divided by 46.
41
Calculate the remainder when 2979588 is divided by 496598.
0
Calculate the remainder when 1869026 is divided by 467255.
6
What is the remainder when 1146298 is divided by 54549?
769
Calculate the remainder when 472447 is divided by 1260.
1207
Calculate the remainder when 461409 is divided by 13560.
369
Calculate the remainder when 106792 is divided by 106774.
18
What is the remainder when 11282740 is divided by 657?
79
Calculate the remainder when 16336591 is divided by 3533.
3532
What is the remainder when 112397 is divided by 10894?
3457
Calculate the remainder when 801609 is divided by 400638.
333
What is the remainder when 40267151 is divided by 1836?
1835
Calculate the remainder when 384190 is divided by 8533.
205
Calculate the remainder when 705811 is divided by 235267.
10
What is the remainder when 62951627 is divided by 112?
11
Calculate the remainder when 693522553 is divided by 3541.
3539
What is the remainder when 23660969 is divided by 17?
12
What is the remainder when 727949 is divided by 2955?
1019
Calculate the remainder when 1095955 is divided by 558.
43
Calculate the remainder when 59755 is divided by 19490.
1285
What is the remainder when 51912327 is divided by 12978079?
11
What is the remainder when 7767177 is divided by 299?
54
What is the remainder when 166925547 is divided by 34?
31
Calculate the remainder when 129532 is divided by 886.
176
What is the remainder when 1236439 is divided by 2173?
2
Calculate the remainder when 146133281 is divided by 2047.
2045
What is the remainder when 573079793 is divided by 36?
5
Calculate the remainder when 54345 is divided by 24943.
4459
What is the remainder when 32264546 is divided by 25?
21
What is the remainder when 723571922 is divided by 437?
432
What is the remainder when 47645 is divided by 6782?
171
What is the remainder when 106655802 is divided by 62?
54
What is the remainder when 5058049 is divided by 237?
232
Calculate the remainder when 1737556 is divided by 151.
150
Calculate the remainder when 15279 is divided by 13750.
1529
Calculate the remainder when 7708930 is divided by 132.
130
What is the remainder when 282097861 is divided by 2584?
2581
What is the remainder when 30130840 is divided by 50?
40
What is the remainder when 1171885 is divided by 954?
373
What is the remainder when 3026264 is divided by 165?
164
Calculate the remainder when 51812174 is divided by 104.
102
Calculate the remainder when 33858878 is divided by 243.
230
What is the remainder when 21138419 is divided by 1142?
1141
What is the remainder when 1759258 is divided by 109?
107
What is the remainder when 215290351 is divided by 1693?
6
What is the remainder when 1517618 is divided by 379397?
30
Calculate the remainder when 305890 is divided by 339.
112
Calculate the remainder when 595041 is divided by 46.
31
Calculate the remainder when 8055039 is divided by 7.
6
Calculate the remainder when 14594 is divided by 641.
492
Calculate the remainder whe